) - k*2/2?
149
Suppose -u + 5*o + 942 = 0, -5*o + 897 = u - o. What are the prime factors of u?
7, 131
Suppose -18*k = -19*k + j + 499, 2036 = 4*k + 4*j. List the prime factors of k.
2, 3, 7
Let u = 927 + -169. List the prime factors of u.
2, 379
Let h = 2 - 0. Suppose -h*l - 3*x = -117, -x - 168 = -3*l - 3*x. What are the prime factors of l?
2, 3
Suppose 8*z - 11*z + 6 = 0. Suppose -z*q + 0*q + 60 = 0. List the prime factors of q.
2, 3, 5
Suppose -z + 92 = -266. Let f = z - 215. List the prime factors of f.
11, 13
Suppose -2*q = 5*q. List the prime factors of -6*(q - 60/8).
3, 5
Suppose 0 = -5*g + 16 - 1. Let p(t) = -4 - 1 - 2*t**2 + t**3 - t**3 - t**g - 4*t. What are the prime factors of p(-4)?
43
Let v(f) = 104*f**3 - 2*f**2 - 3*f + 2. List the prime factors of v(2).
2, 5, 41
Let r(j) = -2*j**2 + 3*j - 1. Let c be r(10). Let d = -83 - c. What are the prime factors of d?
2, 11
Let g(o) = o**3 - o**2 + 854. List the prime factors of g(0).
2, 7, 61
Suppose 0 = 2*j + 3*g - 25, -10 = j - 5*j + 2*g. Let z(o) = o**2 + 18*o + 22. Let n be z(-14). List the prime factors of (n/j)/((-9)/45).
2, 17
Let k = 47 + -45. Suppose 61 = k*r + 3*p - 86, 5*p = 3*r - 211. List the prime factors of r.
2, 3
Let r be (-8)/24 + 34/(-6). Let z = r - 14. List the prime factors of z*5/((-25)/15).
2, 3, 5
Suppose -3*n + 2 = b, -4*b - 2*n + 17 = n. Suppose -5*x - 387 = a - b*a, 3*a = 4*x + 289. List the prime factors of a.
103
Suppose 0 = x + 14 + 3. Let h = x + 162. Suppose 5*n = h - 20. What are the prime factors of n?
5
List the prime factors of 3/(-5) - (4866/(-10) + 4).
2, 241
Let c = 1 + 14. Let p = 17 + c. List the prime factors of p.
2
Suppose -5*r - 2*m - 29 = 0, 3*m = 3 - 9. Suppose 2*z = z + 3. What are the prime factors of (r/(-15))/(z/549)?
61
Suppose -38*o = -43*o - 50. Let y(i) = i**2 + i - 3. Let f(w) = -w**2 - 2*w + 4. Let p(t) = -5*f(t) - 4*y(t). What are the prime factors of p(o)?
2
Let v = -1805 + 828. Let t = -641 - v. What are the prime factors of t?
2, 3, 7
Let h = 498 - 280. What are the prime factors of h?
2, 109
What are the prime factors of (-590)/(-1) - (-1 - -1)?
2, 5, 59
Let g be (-5)/(125/(-22910)) - 6/(-10). Suppose 0 = -5*z - 292 + g. List the prime factors of z.
5
Let w = 9 - 2. Let u(j) be the second derivative of j**4/12 - j**3/2 - 15*j**2/2 - 11*j. List the prime factors of u(w).
13
Let b(q) = -4*q**3 - 9*q**2 + 11*q + 16. What are the prime factors of b(-6)?
2, 5, 7
Let p = -16 + 27. Suppose -8*v = -p*v + 297. What are the prime factors of v?
3, 11
Suppose -t + 3*j = 8*j - 3994, -5*t - 5*j = -19990. What are the prime factors of t?
3, 31, 43
What are the prime factors of ((-76)/(-6))/((-5)/(-1710)*6)?
2, 19
Let h(i) = -32*i + 128. What are the prime factors of h(-5)?
2, 3
Let a(x) = 3*x**3 - 2*x**2 + x - 4. Let l be a(3). Let w = 5 - -4. Suppose m + w + 28 = i, l = i + 4*m. What are the prime factors of i?
2, 3, 7
Let h = -226 - -230. List the prime factors of h.
2
Suppose -4*k + j + 56 = 0, 2*j - 30 = -2*k + 3*j. Suppose 0 = 17*u - k*u - 304. List the prime factors of u.
2, 19
Let v(y) = -4 + 4*y + 5 + 3 + 0. Let o be v(-3). List the prime factors of (-2)/o + 126/8.
2
Let d be 36/(-90) + 177/5. Suppose -34*j + d*j = 104. List the prime factors of j.
2, 13
Suppose -2*p - 896 + 1890 = 0. What are the prime factors of p?
7, 71
Let i(h) = 202*h + 315. List the prime factors of i(5).
5, 53
Suppose p = -6*p + 1771. List the prime factors of p.
11, 23
Suppose 4*g + 44 = 100. What are the prime factors of g?
2, 7
Let u(y) = -y**3 + y**2 + y + 21. Suppose 2 = 2*a - a. Suppose -1 = -4*j + x, 5*j + 4*x + 6 = a. What are the prime factors of u(j)?
3, 7
Let k(y) = -3*y + 39. Let o be k(5). What are the prime factors of ((-6)/o*34)/(1/(-14))?
7, 17
Let n(k) = -k. Let o(d) = 24*d + 32. Let h(v) = -5*n(v) - o(v). List the prime factors of h(-8).
2, 3, 5
Let t(h) = h**3 - 2*h**2 + 2*h - 3. Suppose 2*l - 6 - 14 = 0. Suppose -l = -2*m - 0*m, 29 = 3*g + 4*m. What are the prime factors of t(g)?
2, 3
Suppose -4*n = -6*n - 30. Let p = -13 - n. Suppose 107 = -k + 6*k - p*y, k - 16 = -5*y. What are the prime factors of k?
3, 7
Let b be ((-4)/(-7))/((-4)/(-14)). Suppose 0 = 3*n - 2*r + 5*r - 162, -r = -b*n + 105. Let w = n + -23. What are the prime factors of w?
2, 3, 5
Let j(q) = 374*q + 1. What are the prime factors of j(1)?
3, 5
Let w = -3 + 5. Suppose w*s + 8 = -2*s. What are the prime factors of 22/3 - s/(-6)?
7
Let q = -100 + 58. Let z = q + 123. What are the prime factors of 2 - 0 - z/(-9)?
11
Suppose -8 - 12 = -l. Let w be l/8*(-3 + 13). What are the prime factors of 2/10 - (-295)/w?
2, 3
Suppose 14 = 5*f - 166. What are the prime factors of (f/(-8) + 5)/((-2)/(-256))?
2
Let i(n) = -n**2 + 13*n - 10. Let v = 26 + -14. Let a be i(v). List the prime factors of 28 + a/(8/(-12)).
5
Suppose -403 + 995 = 4*n. Suppose 4*y + 0*y - n = 0. List the prime factors of y.
37
Let h(r) = r**3 + 16*r**2 + 8*r + 8. Suppose 2*c - 6 + 16 = 0. List the prime factors of h(c).
3
Suppose -4*p + 2*r + 1852 = 0, -6*p - 4*r - 920 = -8*p. What are the prime factors of p?
2, 29
Let i be 4*58*(-3)/(-12). What are the prime factors of i/12*22 - (-2)/(-6)?
2, 53
Suppose d = -2*w + 7903, -3*w - 2*w - 5*d = -19755. List the prime factors of w.
2, 13, 19
Suppose 12*j + 11*j = 27439. What are the prime factors of j?
1193
Suppose -z = -1, 0 = 5*u - 4*z + 5 + 9. Let l be u/(-4) - (-94)/4. Suppose 3*v - v = -x + l, -2*v = 0. List the prime factors of x.
2, 3
Let m(r) = 296*r**2 - 16*r - 44. What are the prime factors of m(-3)?
2, 23, 29
Let b(y) = 49*y**2 - 32*y - 142. What are the prime factors of b(-5)?
11, 113
Suppose 4*a + 16 = 0, 4*l + 2*a - 100 = 4*a. What are the prime factors of 9/(12/4)*l?
3, 23
Suppose l - 3*n + 6 = -1, 3*l - n = 11. Let q be ((-2)/4)/(1/(-6)). Suppose q*c - l*c + 4 = 0. List the prime factors of c.
2
Let f be (-6)/(-9)*(-9)/(-2). Suppose f = 2*r - 1. Suppose -4*d - r*d = -210. What are the prime factors of d?
5, 7
Let r(i) = 252*i**3 - 3*i**2 - 4*i + 7. List the prime factors of r(2).
2003
Let m(u) = -55*u - 8. Let w(d) = 3*d - 1. Let g be w(-1). Let l be m(g). Suppose 0 = 4*c - 4*p - l, 0*c - 2*c = -4*p - 112. What are the prime factors of c?
2, 5
Let n(r) = 14*r**2. Let t be (-4)/5*(-15)/(-6). Let x be n(t). Suppose 4*k - x = 56. What are the prime factors of k?
2, 7
Let y(o) = -o**2 + 3*o + 2. Let b be y(4). Let f be 1/b - 5/(-2). Suppose 0 = -f*v + v + 45. What are the prime factors of v?
3, 5
Let o(j) = 33 + 2*j**2 - 2*j - 19*j**3 - 32 + 73*j**3. List the prime factors of o(1).
5, 11
Let b(i) = -i**2 + 10*i + 8. Suppose 6*o + 9 = 9*o. Let s = 7 + o. What are the prime factors of b(s)?
2
Let p(y) = 7*y - y - 3*y + 13. Let w = 6 + -6. List the prime factors of p(w).
13
What are the prime factors of ((-40)/1)/(6/762)*-1?
2, 5, 127
Let z(h) = 4*h**3 - h**2 - h + 1. Let p be z(1). Suppose -p*l - 24 = -1419. What are the prime factors of 4/10 + l/25?
19
List the prime factors of (-96)/(-768) - ((-56349)/24 + 0).
2, 587
Let m be 3/(-2)*(7 + -9). Let b(d) = -3*d**2 - 2 - 8 - 4*d**2 - 3*d**3 - 6*d + 2*d**m. List the prime factors of b(-7).
2
Suppose 2*f - 3*j = -0*f + 6930, -3*j - 10401 = -3*f. What are the prime factors of f?
3, 13, 89
Let m(g) = 13*g**2 + 25*g - 7. List the prime factors of m(-19).
4211
Let y = -5 + 8. Let l(d) = 4 + 5*d**2 - 2 - 1 + 2 - d. What are the prime factors of l(y)?
3, 5
Suppose 2*z + 4*m = 35 + 15, -2*m = -z + 33. Let h = z - 25. Suppose -2*t = -h*l - 112, -4*l - 15 + 183 = 3*t. List the prime factors of t.
2, 7
What are the prime factors of 243 + -5 + 6 - -3?
13, 19
Let s(z) = 389*z**2 - 17*z - 35. List the prime factors of s(-2).
5, 311
Suppose -1018 - 825 = -4*z + 3*s, 0 = 3*z + 5*s - 1346. List the prime factors of z.
457
Let j be ((-5)/(-10))/((-2)/(-1412)). Let g = j - 238. List the prime factors of g.
5, 23
Let y(z) = -z. Let s(x) = 8. Let h(c) = -s(c) + 6*y(c). Let m be h(-6). Suppose 6*t - m = 5*t. What are the prime factors of t?
2, 7
List the prime factors of (-10566)/(-3) - (-24 - -34).
2, 439
Suppose -3 = -3*u + 9. Suppose 3*j - 8 = -5*k + 5*j, -3*k + u*j = -16. Suppose 2*d + 5*t = 3*d - 64, k = d - 3*t - 60. List the prime factors of d.
2, 3
Suppose -5*w + 10 - 25 = 0. Let u(g) = g**2 + 2*g - 1. Let m be u(w). Suppose